{"id":2514,"date":"2025-08-10T17:50:28","date_gmt":"2025-08-10T17:50:28","guid":{"rendered":"https:\/\/myrasplace.online\/?post_type=product&#038;p=2514"},"modified":"2025-08-16T14:28:12","modified_gmt":"2025-08-16T14:28:12","slug":"bedsheets","status":"publish","type":"product","link":"https:\/\/myrasplace.online\/index.php\/product\/bedsheets\/","title":{"rendered":"Bedsheets"},"content":{"rendered":"<p>King size =12500<\/p>\n<p>For 3 places bedsheets<\/p>\n<p>10 dans 1=50,000<\/p>\n<p>2 draps<br \/>\n4 th\u00e8<br \/>\n2 rideaux<br \/>\n1 travers\u00e9e<br \/>\n1 couette<\/p>\n<p>2 in 1=10000<\/p>\n<p>2 draps<br \/>\n2 th\u00e8<\/p>\n<p>3 in 1=15000<\/p>\n<p>2 draps<br \/>\n2 th\u00e8<br \/>\n2 rideaux<\/p>\n<p>&nbsp;<\/p>\n","protected":false},"excerpt":{"rendered":"<p>King size =12500 For 3 places bedsheets 10 dans 1=50,000 2 draps 4 th\u00e8 2 rideaux 1 travers\u00e9e 1 couette 2 in 1=10000 2 draps 2 th\u00e8 3 in 1=15000 2 draps 2 th\u00e8 2 rideaux &nbsp;<\/p>\n","protected":false},"featured_media":2532,"template":"","meta":[],"product_brand":[],"product_cat":[58],"product_tag":[],"class_list":{"0":"post-2514","1":"product","2":"type-product","3":"status-publish","4":"has-post-thumbnail","6":"product_cat-interior","8":"first","9":"instock","10":"shipping-taxable","11":"purchasable","12":"product-type-simple"},"_links":{"self":[{"href":"https:\/\/myrasplace.online\/index.php\/wp-json\/wp\/v2\/product\/2514","targetHints":{"allow":["GET"]}}],"collection":[{"href":"https:\/\/myrasplace.online\/index.php\/wp-json\/wp\/v2\/product"}],"about":[{"href":"https:\/\/myrasplace.online\/index.php\/wp-json\/wp\/v2\/types\/product"}],"wp:featuredmedia":[{"embeddable":true,"href":"https:\/\/myrasplace.online\/index.php\/wp-json\/wp\/v2\/media\/2532"}],"wp:attachment":[{"href":"https:\/\/myrasplace.online\/index.php\/wp-json\/wp\/v2\/media?parent=2514"}],"wp:term":[{"taxonomy":"product_brand","embeddable":true,"href":"https:\/\/myrasplace.online\/index.php\/wp-json\/wp\/v2\/product_brand?post=2514"},{"taxonomy":"product_cat","embeddable":true,"href":"https:\/\/myrasplace.online\/index.php\/wp-json\/wp\/v2\/product_cat?post=2514"},{"taxonomy":"product_tag","embeddable":true,"href":"https:\/\/myrasplace.online\/index.php\/wp-json\/wp\/v2\/product_tag?post=2514"}],"curies":[{"name":"wp","href":"https:\/\/api.w.org\/{rel}","templated":true}]}}